*s + 3*a. Suppose 0 = 4*h - s - 7. Suppose -d = -h*d + 261. Is d a composite number?
True
Let j(d) = -d**3 + 5*d**2 + 16*d - 3. Let z(u) = u**3 - 4*u**2 - 17*u + 2. Let c(q) = 6*j(q) + 5*z(q). Let x be c(11). Is -10*4/x*17 composite?
True
Suppose -6*d = -2*d + 2112. Let j = d + 742. Is j a prime number?
False
Suppose 4*s + 17 = 1. Let c be 2 + 15/(s + 1). Is (-53*1)/(3/c) composite?
False
Is ((-34475)/7)/(-1) - -2 prime?
False
Is (-874)/8303 + ((-1034022)/38)/(-1) composite?
False
Let z = -1060 + 6137. Is z a prime number?
True
Let f(h) = 95*h - h**3 - h**3 - 10*h**2 - 1 - 103*h. Is f(-7) composite?
False
Let l = 14 + -16. Is 810 + -1 - ((0 - l) + -2) composite?
False
Let q(t) = 1122*t + 16. Let n(i) = -374*i - 5. Let l(c) = 17*n(c) + 6*q(c). Let s(w) = w**2 + 9*w - 108. Let r be s(7). Is l(r) prime?
False
Let v(d) = 105*d - 2. Let u be v(1). Let f = 71 - u. Let g = f + 45. Is g a composite number?
False
Suppose 1414 = 2*i - 2*s, 4*i + 3*s = 1395 + 1412. Suppose -3*t + i = 4*h, t - 2*t = -2*h + 362. Is h prime?
True
Let x = -9528 + 21851. Is x prime?
True
Let a = -27465 + 59570. Is a prime?
False
Suppose -7*w = -2 - 19. Let q be (-2)/(-6) - 267/(-9). Suppose -2*l = w*l - q. Is l prime?
False
Suppose 1064 = 2*d - 542. Let y = d + -394. Is y prime?
True
Let q = 46260 - 32213. Is q composite?
True
Let d(o) = -o**2 + 7*o - 8. Let n be d(5). Let i(s) = 14*s**3 + 4*s**2 - 4*s + 1. Is i(n) a composite number?
True
Suppose -3*t + 0*t + 405 = 0. Suppose 568 + 328 = 4*w. Let c = w - t. Is c a prime number?
True
Suppose 0 = 9*d - 5*d - n - 38085, 4*d + 3*n - 38081 = 0. Is d composite?
False
Suppose 8*o - 2*g = 11*o - 28965, 0 = 4*o + 4*g - 38620. Is o a prime number?
False
Let p be -1 - ((-12)/4 + -3). Is (10344/(-20))/(-6)*p prime?
True
Suppose 7*f - 2*f = 110. Let y = 25 - f. Suppose b - 3*n - 2 = -0*b, 5*b + y*n - 82 = 0. Is b prime?
False
Is 1844 + (-5)/(1 - -4) composite?
True
Let a = -678 - -341. Let p = a - -1424. Is p prime?
True
Let s(n) = -5*n - 12. Let t be s(6). Let x be 10/(1 - 47/49). Let l = t + x. Is l composite?
True
Suppose -3 = -3*l, -5*o + 5*l + 11 = -9. Suppose -12595 = -o*j - 0*c + 5*c, 0 = c + 2. Is j a prime number?
False
Let t = 2364 + 227. Is t prime?
True
Suppose 4*y - 319 = 629. Is y a composite number?
True
Is 1/6 + 15146879/258 prime?
False
Let h(l) = -2*l**3 - 2*l**2 + 6*l + 5. Is h(-7) prime?
False
Let w(l) = 4*l**2 - 20*l - 13. Let g be 3 + 8 - -3*1. Is w(g) prime?
True
Suppose -4*h + 24899 = -24537. Is h prime?
False
Suppose 4*h - 1483 = -h - 2*f, -h = 3*f - 294. Suppose -i = -4*g - 1539, 0 = 3*g + g + 3*i + 1559. Let c = h - g. Is c composite?
False
Let b = -23056 + 40877. Let s = b - 12042. Is s a prime number?
True
Is 23/(2093/(-14)) + (-81213)/(-13) prime?
True
Suppose -24694 = -l + 5*u, 2*l + 5*u = u + 49430. Is l composite?
False
Let c(p) = 12*p - 24. Let i(x) = 3*x - 6. Let z(t) = -5*c(t) + 21*i(t). Let l be z(3). Suppose -1324 = -7*j + l*j. Is j a prime number?
True
Let m = 25 - -13624. Is m a composite number?
False
Let r(m) = -m. Let u be r(-8). Let h = 11 - u. Suppose c + 39 = 5*p, -p - h*c - 2 = 3. Is p prime?
True
Let i(p) = -p + 26. Let u be i(19). Suppose -8575 = -u*w + 9226. Is w a prime number?
True
Let g be 132/(-60) - (-1)/5. Is 1140/8 - (-1)/g a prime number?
False
Let b be (-3)/1 - 378/(-14). Let h be 6/b + (-7)/(-4). Suppose 0 = h*m, -5*m + 298 = g - 0*g. Is g a prime number?
False
Is (-13248)/(-45) - 42/30 composite?
False
Suppose 507193 = 7*h - 51106. Is h composite?
False
Let r(g) = 17*g - 10*g - 6*g + 1 + 26*g. Let h = -6 + 8. Is r(h) prime?
False
Suppose 4*b + 8 = -0. Let o(d) = 51*d**2 + 5*d + 5. Is o(b) a composite number?
False
Let m be (2*(-28)/(-4))/1. Suppose 58 + m = 4*x. Is 88/(-33)*x/(-8) a prime number?
False
Let m(o) = -o**2 - 9*o + 3. Let s be m(-9). Let k = 3 - s. Is 1*(178 - k - -1) a prime number?
True
Let l(a) = -74*a**3 - 8*a + 6. Let w be l(-3). Suppose -5*t = n - 10*t - w, -8027 = -4*n + 3*t. Is n prime?
True
Let r = 18 - 19. Let s be (-1 + r)/((-1)/90). Let m = s + 77. Is m composite?
False
Suppose -26755 = -86*r + 81*r. Is r prime?
True
Let s(y) = 1092*y + 131. Is s(6) a composite number?
True
Suppose -b + 6768 = -7*b. Let p = 1711 + b. Is p a composite number?
True
Suppose -o - 4*u = -108751, -73937 = -4*o - u + 361037. Is o prime?
False
Is (4 + 450056/(-8))/(-3) prime?
False
Suppose -4*o + 3349 = g - 1488, o = 0. Is g prime?
False
Suppose 20 = t + 22. Let p(u) = -u**3 - u**2 - 2. Let c be p(t). Is c*(898/(-4))/(-1) a prime number?
True
Let i be (-2)/12 + 9782/12. Suppose -108 = g - i. Is g composite?
True
Let w(b) = -298*b - 7. Let s(i) = -297*i - 6. Let j(r) = -6*s(r) + 5*w(r). Suppose 2*f = 5*f - 3, -3*x - 2*f = -5. Is j(x) a prime number?
True
Suppose 0 = -2*b - b + 153. Suppose -3004 = 47*y - b*y. Is y a composite number?
False
Let t = 11593 - 3524. Is t a prime number?
True
Suppose -4*h + 3*h = -q + 8, 4*q + h = 42. Let u = q - 7. Is 0 + u + (293 - 1) a prime number?
False
Suppose 0 = -2*d - 6*m + m + 23, -3*m + 17 = -2*d. Let b = d + 408. Is b a composite number?
True
Suppose -2*t + 0*t + 15 = -3*q, 0 = 4*q + 12. Suppose 5*n = 3*o - 0*n - 265, t*n - 419 = -5*o. Is o a prime number?
False
Let n(f) = f**2 - 3*f + 5. Let j be n(2). Suppose 0*x + j = -x. Is 8/x*-78 + 3 composite?
False
Suppose -o + 14076 = 5*x, -3*x - 56189 = -2*o - 2*o. Is o prime?
True
Let w = -68 + 73. Suppose 2*z + w*n - 594 = 0, 2*z + 5*n - 1515 = -3*z. Is z a prime number?
True
Let a be (-128)/(-24)*(2 + 1). Let w = 17 - a. Is ((-532)/16)/(w/(-4)) prime?
False
Suppose 0 = k + c - 2, -k - 3*k - 5*c = -6. Suppose -2*f + 751 = f - 4*v, -k*v + 992 = 4*f. Is f composite?
True
Let d = 1310 + -292. Is d composite?
True
Let g be (-1 - -1)*3/9. Suppose g = 2*j + 3*j - 795. Suppose 189 + j = 4*d. Is d a composite number?
True
Let q = -569 + 287. Let v = q - -541. Is v composite?
True
Let t = 0 - -5. Suppose -4*o + t = -3. Suppose -212 = -6*f + o*f. Is f composite?
False
Let h(p) = -87 + 96*p + 64 + 71 + 22*p. Is h(11) a prime number?
False
Suppose -3*v - 378 = 5478. Suppose -19 = 4*g - 7. Is g + 7/((-28)/v) prime?
False
Let k(l) = -144*l + 4. Let p(n) = 145*n - 3. Let u(t) = 4*k(t) + 5*p(t). Let f = -2 - -4. Is u(f) a composite number?
True
Let g be (-7)/(14/6) + -634. Let r = g - -1428. Is r a composite number?
True
Is 7/(-6*1/(-12018)) a composite number?
True
Let n be -507*1 - -3 - 4. Let s = n + 731. Is s a composite number?
False
Is (-5 + (-15129)/(-6))/(2/4) a composite number?
True
Let z(q) = -q**2 + 11*q - 24. Let n be z(4). Suppose o - 50 = -3*a, n*o + 5*a = 72 + 135. Is o prime?
True
Suppose -4*v + 2*n = 5*n - 163, 3*v - 126 = -n. Let w = v + -15. Suppose -w = -r - 3*r. Is r prime?
True
Let k(i) = -i**2 + 4*i + 14. Let h be k(6). Suppose h*o - 21 = -5*o. Suppose 2*v - 766 = 2*l, -4*v - 2*l - o*l + 1496 = 0. Is v prime?
True
Let z = 1 - -1. Suppose -6 = -z*y + h + 9, -y - 4*h - 6 = 0. Suppose -181 = -j + f, 2*j - f + y*f - 334 = 0. Is j composite?
True
Suppose 27*l - 3830598 = -27*l. Is l prime?
True
Suppose -14 = -3*g + 46. Let p = g - 17. Is (3/p)/((-5)/(-1185)) composite?
True
Suppose -7*i = 877 - 3698. Is i a prime number?
False
Suppose 16*q - 15 = 13*q. Suppose -h + 3*h - q*g - 111 = 0, 3*h - 175 = -g. Is h a prime number?
False
Let r(j) = j + 1. Let g(m) = -152*m - 5. Suppose -2*k = -7 + 5. Let t(o) = k*g(o) + 6*r(o). Is t(-5) a composite number?
True
Let h(o) = -o**2 + 12*o - 1. Let y(r) = -r**2 + 11*r - 2. Let q(n) = 3*h(n) - 4*y(n). Is q(14) a prime number?
True
Let a(h) = -338*h + 69. Is a(-11) composite?
True
Suppose 0 = -y - 2 - 1. Is 209 + (y - -1) + -2 a prime number?
False
Let n(y) = -23*y - 8. Let p = -82 + 80. Is n(p) prime?
False
Suppose 15*k = 147746 + 97579. Is k prime?
False
Let p(o) be the third derivative of -2*o**2 - 7/12*o**4 + 0*o + 0 - 5/6*o**3. Is p(-3) a composite number?
False
Suppose 5*t - 37993 = -2*k, 22*k - 3*t + 18998 = 23*k. Is k prime?
False
Suppose 4005 = -4*i - 5*i. Is -3 - (i/(-2))/((-2)/8) prime?
True
Let h be (1 - -3)/(-8)*24. Let o = 13 + h. Is 0 - (-1 - (o + 407)) composite?
False
Let v(y) = -7*y**2 + y + 34. Let b(m) = -m - 1. Let p(t) = -6*b(t) - v(t). Is p(-10) prime?
False
Suppose 23*s = 24*s - 11003. Is s a prime number?
True
Suppose 1541*m = 15